hat is the units digit of s?
5
Suppose 2*u - 3*d - 4 = 0, -u + 8*d - 3*d = -2. Let m be (u + -1)/(1/4). Let f(p) = -p + 9. What is the units digit of f(m)?
5
Let a(t) = t**3 - 8*t**2 + 8*t - 6. Suppose 0 = 2*b - 7 - 7. Let y be a(b). Let j = y - -1. What is the units digit of j?
2
Let r(g) = 2*g + 10. What is the tens digit of r(11)?
3
Let d(x) be the third derivative of x**5/60 + 3*x**4/8 + x**3/2 - x**2. What is the units digit of d(-9)?
3
Let n(b) = b + 11. Let q be n(-6). Let c = q - 1. Suppose -c = -2*j - 2*j. What is the units digit of j?
1
Let d(t) = -t + 11. What is the units digit of d(6)?
5
Suppose 0*y - 5*y + 125 = 0. What is the tens digit of y?
2
Let s(c) = 0 + 1 - 2*c + 3 - 5. What is the units digit of s(-4)?
7
What is the units digit of (-219)/(-5) - 1/(-5)?
4
Let i = -5 - -6. Suppose 0 = -5*j + 59 + i. What is the units digit of j?
2
Let w(s) = -6*s + 29. What is the units digit of w(-6)?
5
What is the units digit of (-10)/(-5) + 11*2?
4
Let p be -2 + 93 - (4 + -2). Suppose 2*q + 19 + p = 0. What is the units digit of (1/(-3))/(2/q)?
9
Suppose -4*n + 132 = 2*n. What is the units digit of n?
2
Let g(h) = 135*h - 2. What is the tens digit of g(1)?
3
Suppose -5*d = 0, 2*d = -6*u + u + 20. Suppose u*r - 59 = -19. Suppose 3*h = -r + 64. What is the tens digit of h?
1
Let j = 230 - 109. What is the units digit of j?
1
Let g(d) = -3*d**2 + 4*d - 2. Let x be g(2). Let f(b) = -b**2 - 6*b + 6. What is the units digit of f(x)?
6
Let s(p) = p - 1. Let b be s(3). Let t(d) = -d**3 + 5*d**2 + d - 5. Let v be t(5). Let n = v + b. What is the units digit of n?
2
Suppose 13 = -3*m - 4*y, 5*m = -3*y - 0*y - 7. Let u be (-3)/((-1)/3*m). Suppose -4*x - 14 = -5*j + u, 0 = 5*j - 2*x - 29. What is the units digit of j?
7
What is the units digit of 1/(-1 + (-200)/(-195))?
9
What is the units digit of (-1)/4*-2 + 172/8?
2
Let r be 47/15 - (-6)/(-45). Suppose -115 = -r*k - 2*k. What is the units digit of k?
3
Let w(z) = -z**2 - 22*z + 2. What is the tens digit of w(-19)?
5
Let h = 225 + -159. What is the units digit of h?
6
Let b = 17 + -18. Let m = 19 - 10. What is the tens digit of -2*(b - m/2)?
1
Let u be (0/(-2))/(-3 - -4). Suppose g = 5*r - 0 - 1, 2*r - 8 = u. What is the units digit of g?
9
Suppose 0*c - 50 = -5*c - 2*t, -31 = -3*c - t. Suppose 20 = m + v, v = -m + 2*v + c. What is the units digit of m?
6
Suppose -3*z + 5 = -t - 0*t, -2*z - t = 0. Let u = 6 - z. What is the units digit of u?
5
Suppose 2*h - 17 = 19. Suppose h = d + 2*d. Let u = d + -3. What is the units digit of u?
3
Suppose 0*m - 54 = -2*m. What is the tens digit of m/1 + (1 - 0)?
2
Suppose 5 = t - 0. Suppose 0 = t*h - h - 136. What is the tens digit of h?
3
Suppose 2*b = -24 + 72. Suppose -3*h + 5*z = -2*h + b, 4*h - 2*z = -24. What is the units digit of (-50)/15*6/h?
5
What is the units digit of (1 - 1/1) + 5?
5
Let d(c) = -c**2 + 10*c - 3. Let t be d(10). Let n be (8/(-1 - t))/1. Let o = -3 + n. What is the units digit of o?
1
Let n = -36 - -68. What is the units digit of n?
2
Let n(c) be the second derivative of 4*c**3/3 - 2*c**2 - 7*c. What is the units digit of n(6)?
4
Let t(v) = -v**2 - v - 2*v - 1 + 7*v + 0*v. Suppose -6*m + 8 = -2*m. What is the units digit of t(m)?
3
Suppose 0 = -2*z - 2*z - 4. Let b(u) = 3*u**3 + 2*u + 1. Let f be b(z). What is the units digit of (18/f - -2)*-2?
5
Let q = -17 - -83. Suppose 0*k = 3*k - q. What is the units digit of k?
2
Suppose 0 = 5*t - 4*t - 4. What is the units digit of t?
4
Let m = -13 - -19. Let n be ((-4)/m)/((-2)/9). Suppose 3*l - 2 + 1 = 2*u, -n = -5*u + 2*l. What is the units digit of u?
1
Suppose 64 = 3*k - 5*x, -4*x + 16 = 4*k - 16. Suppose -j + k = -0*j. What is the units digit of j?
3
Suppose 1475 = 5*c + 3*r - 2*r, -4*r = 2*c - 572. What is the hundreds digit of c?
2
Let n(u) = -5*u. Let l be n(7). Let w = -23 - l. What is the units digit of w?
2
Suppose -p + b - 45 = -2*b, 2*p + 5*b = -79. Let q be (p - -2)*3/(-6). Suppose 2*n - 18 = i, 3*i = -4*n + i + q. What is the units digit of n?
7
Suppose -z = z + 36. Let l = z - -35. What is the units digit of l?
7
Let o(r) be the second derivative of r**4/12 - 4*r**2 + 7*r. What is the tens digit of o(7)?
4
Suppose 0 = -d + 5*g + 45, 2*d = -g + 70 + 9. What is the units digit of d?
0
Let m = 79 + 6. What is the units digit of m?
5
Let p(b) = 5*b**2 + 10*b + 1. What is the units digit of p(-2)?
1
Suppose 0 = s + 1. Let q(t) = 13*t**3 - 4*t**2 + 2*t + 3. Let h(r) = -13*r**3 + 5*r**2 - 3*r - 4. Let j(u) = -4*h(u) - 5*q(u). What is the tens digit of j(s)?
1
Let i = -8 + 10. Suppose -2 = -i*p + 2. What is the units digit of p?
2
Let h be 8/44 - 42/(-11). What is the units digit of (-2)/h*-1*14?
7
Let i = 92 - 54. What is the units digit of i?
8
Suppose 2*p - 21 = -3. Suppose -z = 3*k - 8, 5*k - 4 + 19 = 4*z. Let l = k + p. What is the units digit of l?
0
Suppose 0*v - 2*v + 12 = 0. Suppose -60 = 4*n - v*n. Let u = n + -20. What is the tens digit of u?
1
Let h = -1 + 3. Suppose 2*s - 40 = -h*s. What is the units digit of s?
0
Suppose -2*r + 59 = 5*b, -b + 2*r + 4 = -3. Let v(m) = m**3 - 10*m**2 - 9*m + 6. What is the tens digit of v(b)?
2
Let d be ((-18)/12)/((-3)/30). What is the units digit of d - 1 - (-2 - -5)?
1
Let c = 1 + 1. Suppose 3*k - 32 = -c*d, k - 5*k = -3*d - 54. What is the units digit of k?
2
Let n(v) = -v**2 - 7*v - 3. Let f be n(-5). Let u = f - 1. What is the units digit of u?
6
Suppose 0*a = 5*a - 3*p - 125, -2*a = p - 50. What is the tens digit of a?
2
Suppose -765 = -4*v - 257. What is the tens digit of v?
2
Suppose -6*k + 56 + 16 = 0. What is the units digit of k?
2
Let k(h) = -18*h - 2. What is the tens digit of k(-2)?
3
Suppose 2*n = 5*m - 180, 2*m + 2*m = -4*n + 172. What is the tens digit of m?
3
Suppose 0 = -v - 4*v - 5*m + 160, -3*v + 94 = 2*m. Suppose -85 = -5*r + v. What is the units digit of r?
3
Let b(p) = 2*p. Let m be b(1). Suppose -m*h + 54 = h. What is the units digit of 122/h - (-10)/45?
7
Suppose -u + 40 = 4*s, -5*u + 2*u = 3*s - 165. Suppose -4*n - u = -4*f - 7*n, 60 = 4*f + 4*n. What is the units digit of f?
5
Let a = -3 - -10. Suppose a = -5*r + 52. What is the tens digit of r/6*(-40)/(-6)?
1
Suppose -p + 20 - 5 = 0. Suppose -p + 190 = 5*q. What is the tens digit of q?
3
Suppose -2*g + 128 = 2*g. What is the tens digit of g?
3
Suppose 4*s = 2*s. Suppose -5*m + 11 + 4 = s, p + 4*m - 27 = 0. What is the units digit of p?
5
Suppose 2*z - c + 298 = 5*z, -2*c = -2*z + 196. What is the tens digit of z?
9
Suppose 4*t + 11 + 5 = 0, 3*t = 2*k + 72. Let x = k + 66. What is the tens digit of x?
2
Let g = 15 - 11. Suppose -15 - 37 = g*x. Let t = 18 + x. What is the units digit of t?
5
Let j = -89 + 192. What is the hundreds digit of j?
1
Let y(c) = c + 51. What is the tens digit of y(-20)?
3
Suppose 8*n - 4*n - 128 = 0. What is the tens digit of n?
3
Suppose 16 = 15*m - 29. What is the units digit of m?
3
Let o = -33 + 46. Let d = -129 + o. What is the units digit of (-4)/14 + d/(-14)?
8
Let v be (-11)/((-2)/(-2 + 4)). Let l(q) = q**2 - 11*q + 11. What is the tens digit of l(v)?
1
Let b(i) = i**2 + 7*i + 4. Let m be b(-5). Let g be ((-8)/3)/(m/9). What is the tens digit of 1 + 2/(g/18)?
1
Suppose -8*f + 9*f - 2 = 0. Let i be -3 + 2 + (f - -1). Let g(m) = 2*m**3 + 3*m**2 - 3*m. What is the tens digit of g(i)?
2
Suppose 0 = -3*u + 15, 218 = 4*x + 5*u - 3*u. What is the tens digit of x?
5
Suppose 0 = -2*g + 3*g. Suppose y - 3*z - 20 = -g*z, -5*y + 3*z = -76. What is the tens digit of y?
1
Let r(t) = 5*t**3 - t**2. Let k be r(-1). Let n be 4 + 0*3/k. Suppose 0 = n*i + 2*g - 38, 4*i + 3*g - 20 = 17. What is the units digit of i?
0
Let c(l) be the first derivative of -l**4/4 + 5*l**3/3 + l**2 - l - 4. What is the units digit of c(5)?
9
Let u(h) = -7*h - 37. What is the tens digit of u(-7)?
1
Let h(t) be the third derivative of t**6/120 + t**5/15 + t**4/6 + t**3/3 - 5*t**2. What is the units digit of h(-2)?
2
Let x(t) be the second derivative of -t**5/20 - t**4/2 - 2*t**3/3 + 2*t**2 + t. What is the tens digit of x(-6)?
2
Suppose -2*y - 24 = 2*y. What is the tens digit of 4/y*(-174)/4?
2
Let a = -127 - -227. What is the hundreds digit of a?
1
Suppose 0 = 4*m - 3*x - 37, 5*m - 2*x - 3*x - 50 = 0. Suppose -4*n + 2*v + 60 = 0, -2*n + 37 = 2*v + m. What is the u